r?
False
Is 8579 composite?
True
Is 216551 a prime number?
True
Is 668147 a composite number?
True
Is 78461 prime?
False
Is 4283 a composite number?
False
Is 17687 composite?
True
Is 31421 a composite number?
True
Is 70271 composite?
False
Is 4469 prime?
False
Is 984583 a composite number?
False
Is 9 a composite number?
True
Is 29411 a prime number?
True
Is 329651 a composite number?
True
Is 13011 composite?
True
Is 25931 prime?
True
Is 2459 a prime number?
True
Is 79333 prime?
True
Is 3053 prime?
False
Is 13567 composite?
False
Is 209387 a composite number?
True
Is 2327 a prime number?
False
Is 4177 composite?
False
Is 76907 a composite number?
False
Is 1399 composite?
False
Is 554269 a composite number?
False
Is 152377 composite?
False
Is 19369 a composite number?
True
Is 137971 composite?
True
Is 135055 prime?
False
Is 239137 a prime number?
True
Is 18695 composite?
True
Is 84923 composite?
True
Is 46861 a composite number?
False
Is 21557 composite?
False
Is 1119857 a composite number?
False
Is 84043 composite?
True
Is 17257 composite?
False
Is 1151 a prime number?
True
Is 210643 prime?
True
Is 2078 composite?
True
Is 6737 composite?
False
Is 1339901 a prime number?
True
Is 116843 composite?
True
Is 1367 composite?
False
Is 39211 a prime number?
False
Is 727937 a composite number?
True
Is 49253 a composite number?
False
Is 160869 a prime number?
False
Is 265451 a prime number?
True
Is 1547491 prime?
False
Is 149197 a prime number?
True
Is 13309 prime?
True
Is 108503 a composite number?
False
Is 10847 a prime number?
True
Is 34063 prime?
False
Is 3611 a prime number?
False
Is 35419 a prime number?
True
Is 59467 a prime number?
True
Is 27211 a prime number?
True
Is 416321 a prime number?
False
Is 1787629 a composite number?
True
Is 797 composite?
False
Is 77 composite?
True
Is 5906 prime?
False
Is 362851 composite?
False
Is 281473 a composite number?
True
Is 10427 a composite number?
False
Is 280537 composite?
False
Is 296977 prime?
False
Is 384281 a prime number?
False
Is 200357 composite?
False
Is 92517 a composite number?
True
Is 138443 a prime number?
False
Is 86489 a prime number?
False
Is 345479 prime?
True
Is 1987 prime?
True
Is 1574 prime?
False
Is 911 a composite number?
False
Is 349079 prime?
True
Is 2257539 a composite number?
True
Is 1915499 composite?
False
Is 5113 composite?
False
Is 1895 prime?
False
Is 33661 a composite number?
True
Is 15389 a prime number?
False
Is 38543 a prime number?
True
Is 96947 prime?
False
Is 4621 a composite number?
False
Is 3127 prime?
False
Is 18503 prime?
True
Is 1561 a prime number?
False
Is 304394 composite?
True
Is 3593 prime?
True
Is 3443849 composite?
True
Is 3793489 composite?
True
Is 101683 a prime number?
False
Is 40673 a prime number?
False
Is 162139 a prime number?
False
Is 8641 a composite number?
False
Is 23487 composite?
True
Is 5539 a composite number?
True
Is 99205 a composite number?
True
Is 704507 a composite number?
False
Is 8772827 composite?
True
Is 79 a prime number?
True
Is 26237 a prime number?
True
Is 239803 composite?
False
Is 6049 composite?
True
Is 627593 a prime number?
True
Is 31 prime?
True
Is 132199 a prime number?
True
Is 7517 composite?
False
Is 325747 composite?
False
Is 8887 a prime number?
True
Is 102643 a composite number?
False
Is 4309 a composite number?
True
Is 290359 composite?
False
Is 69481 composite?
False
Is 11359 a prime number?
False
Is 3099 prime?
False
Is 160757 a composite number?
False
Is 90313 prime?
True
Is 58669 a prime number?
False
Is 1357 a composite number?
True
Is 3505 prime?
False
Is 9057 a prime number?
False
Is 12319 a composite number?
True
Is 27689 prime?
True
Is 2469 composite?
True
Is 2388833 composite?
False
Is 14431 composite?
False
Is 18481 a prime number?
True
Is 98461 composite?
True
Is 35591 composite?
False
Is 45007 prime?
True
Is 41731 prime?
False
Is 376723 a prime number?
False
Is 271333 prime?
True
Is 4049 prime?
True
Is 165607 a prime number?
False
Is 196951 a composite number?
True
Is 716117 a composite number?
False
Is 2741 a composite number?
False
Is 549833 a prime number?
True
Is 82939 composite?
False
Is 18077 prime?
True
Is 1637 composite?
False
Is 268403 composite?
False
Is 514589 a composite number?
True
Is 34703 composite?
False
Is 11399 a prime number?
True
Is 562949 composite?
False
Is 5969 composite?
True
Is 1259 prime?
True
Is 4278799 prime?
False
Is 1949 a composite number?
False
Is 8059 prime?
True
Is 22871 a composite number?
False
Is 24427 a composite number?
True
Is 6686 prime?
False
Is 299813 a prime number?
False
Is 52433 composite?
False
Is 49697 a composite number?
False
Is 33257 a composite number?
True
Is 118879 a prime number?
False
Is 1337 composite?
True
Is 266797 prime?
True
Is 250571 a prime number?
False
Is 18773 a composite number?
False
Is 325979 composite?
True
Is 109717 a composite number?
False
Is 2361 a prime number?
False
Is 879137 a composite number?
True
Is 6983 a composite number?
False
Is 17903 prime?
True
Is 6803 a composite number?
False
Is 56197 prime?
True
Is 23663 a composite number?
False
Is 840433 a composite number?
True
Is 6899 a prime number?
True
Is 295762 a composite number?
True
Is 26327 prime?
False
Is 87603 composite?
True
Is 41927 a composite number?
False
Is 3061 a composite number?
False
Is 483655 a composite number?
True
Is 2843 composite?
False
Is 107513 composite?
True
Is 2049569 prime?
True
Is 71701 a composite number?
True
Is 14069 a composite number?
True
Is 54227 a composite number?
True
Is 240467 prime?
False
Is 69529 a prime number?
False
Is 1399 composite?
False
Is 24261 composite?
True
Is 259393 a prime number?
False
Is 340321 a composite number?
False
Is 157173 a prime number?
False
Is 1051949 a prime number?
True
Is 409573 a composite number?
False
Is 261553 a composite number?
True
Is 29702 prime?
False
Is 2967659 composite?
True
Is 143105 composite?
True
Is 13247 prime?
False
Is 37273 a prime number?
True
Is 355841 prime?
True
Is 354563 prime?
False
Is 141431 a prime number?
False
Is 330151 a prime number?
False
Is 54719 prime?
False
Is 29471 a prime number?
False
Is 15017 composite?
False
Is 26399 prime?
True
Is 1082 a prime number?
False
Is 2106083 a composite number?
True
Is 172147 a composite number?
False
Is 18155 prime?
False
Is 43499 prime?
True
Is 20249 a prime number?
True
Is 15627 prime?
False
Is 837797 a prime number?
True
Is 990773 a prime number?
False
Is 83553 prime?
False
Is 4105 a prime number?
False
Is 6029 a composite number?
False
Is 613 a prime number?
True
Is 6449 composite?
False
Is 2099 a composite number?
False
Is 662743 composite?
False
Is 358486 a prime number?
False
Is 44753 a prime number?
True
Is 215843 composite?
False
Is 212973 prime?
False
Is 1055189 composite?
False
Is 1032331 prime?
False
Is 434453 prime?
False
Is 3389 a composite number?
False
Is 901055 prime?
False
Is 7679 a composite number?
True
Is 10559 a composite number?
False
Is 3482 prime?
False
Is 568801 a composite number?
True
Is 1041 composite?
True
Is 4253 prime?
True
Is 616619 a composite number?
True
Is 244097 a composite number?
True
Is 575983 a composite number?
True
Is 19945 prime?
False
Is 236669 prime?
False
Is 8414935 prime?
False
Is 2153 composite?
False
Is 26339 composite?
False
Is 35863 a composite number?
False
Is 51033 composite?
True
Is 13159 prime?
True
Is 6274 composite?
True
Is 167171 prime?
False
Is 11293 composite?
True
Is 47714 a prime number?
False
Is 100865 composite?
True
Is 5647 composite?
False
Is 4283 a prime number?
True
Is 1564537 prime?
False
Is 501911 a prime number?
True
Is 339241 a composite number?
True
Is 127637 composite?
False
Is 264287 a composite number?
True
Is 7017 composite?
True
Is 2411 prime?
True
Is 81331 a composite number?
False
Is 19587 composite?
True
Is 4237 a prime number?
False
Is 65207 prime?
False
Is 10679 prime?
False
Is 1706 a prime number?
False
Is 291167 prime?
True
Is 32449 a composite number?
True
Is 9797 a prime number?
False
Is 159977 composite?
False
Is 104263 composite?
True
Is 40351 a composite number?
False
Is 20743 prime?
True
Is 826271 composite?
False
Is 8402 a composite number?
True
Is 447019 a prime number?
True
Is 254798 composite?
True
Is 24933 prime?
False
Is 403487 a compos